+ 15, -33 = -3*c - 2*i. Calculate the remainder when w(-3) is divided by c.
6
Let t(g) = g**3 + 37*g**2 - 56*g - 88. What is the remainder when t(-38) is divided by 24?
20
Suppose 356 = 9*i - 7*i - z, i - 178 = 4*z. What is the remainder when 11746 is divided by i?
176
Suppose -4*s + 60 = -3*n, -6*s + 98 = -s + 2*n. Suppose 4*k = 2*a + 1 - 27, k + 9 = a. What is the remainder when (((-2 - k) + -11)*3)/(-1) is divided by s?
9
Let q(w) = 8*w**2 - 3*w. Let a be q(-3). Suppose 17*f - 38 = a. What is the remainder when 41 is divided by f?
6
Suppose -10*n + 95 + 880 = 5*n. What is the remainder when 839 is divided by n?
59
Suppose 0 = -558*c - 7859 + 10509 + 40874. What is the remainder when c is divided by (-18)/(-2) - (0 + 1)?
6
Let r(o) = o**2 - 70*o + 608. What is the remainder when 73/2 - (-2)/(-4) is divided by r(60)?
4
Suppose k + 4*t + 40 = -k, -4*k = -3*t + 102. Let m be k/(-20)*-1*(2 + 3). What is the remainder when 186 is divided by m/(-39) + (-5719)/(-91)?
60
Suppose -5*t + 123*v + 1346 = 126*v, t - 260 = 4*v. What is the remainder when 1586 is divided by t?
246
Calculate the remainder when (2348/2)/(((-27)/54)/(2/(-8))) is divided by 154.
125
Let h be (-1 - 0)/(2/132*-3). Suppose -h = -32*f + 1162. Suppose -6*c + 2*c = -88. What is the remainder when f is divided by c?
15
Let k(u) = 3*u + 31. Suppose -v + 6 = -5*g - 15, 0 = -2*g + 4*v - 12. What is the remainder when 113 is divided by k(g)?
18
Let h(c) = 2*c**2 - 7*c + 3. Let k be 5/((-40)/36)*-2. Suppose 2*a = -4*i + 142, 16*a - 144 = -4*i + 12*a. Calculate the remainder when h(k) is divided by i.
32
Let q(p) = 4*p**3 - 44*p**2 - p + 139. What is the remainder when 511 is divided by q(11)?
127
Let q = -812 - -885. Calculate the remainder when 4816 is divided by q.
71
Suppose -5*j - 18 = k, -3*k + 6*j - 20 = 4*j. Let p = 15 + k. Let i = -200 + 227. Calculate the remainder when i is divided by p.
6
Suppose -242*c - 12704 + 24917 = -14407. Calculate the remainder when 768 is divided by c.
108
Suppose -2*l - 33 = -2*q + 15, 5*l = -15. Suppose -q*f = -18*f - 111. Calculate the remainder when 110 is divided by f.
36
Let j = -36 + 38. Suppose -5*q + j*w + 2361 = 0, -q - 2*q = 4*w - 1401. Calculate the remainder when 3/(q/(-120) + 4) is divided by 21.
19
Suppose 5*f = 3*t + 178, -2*t + 30 = -f + 67. Let h(j) = -j**2 + 12*j + 5. What is the remainder when f is divided by h(11)?
3
Suppose x - 42 = -5*q - 6, -5*q + 57 = 2*x. Suppose 2*u - 22 = -o, -4*u + x = o - 3*u. Calculate the remainder when 78 is divided by o.
18
Let c(l) = 6*l**2 - 8*l + 12. Let y = 11 - 69. Let h = 60 + y. What is the remainder when c(h) is divided by 7?
6
Let p = -7167 + 7172. Calculate the remainder when 2447 is divided by p.
2
Let w(a) = a**2 + 5*a - 2. Let m(v) = 3 + 0 - 5 + 3 + 14*v. What is the remainder when m(5) is divided by w(-7)?
11
Suppose 0 = 442*t - 440*t - 554. Let y = 286 - t. What is the remainder when 160 is divided by y?
7
Suppose -u = w - 32, 0 = u + 3*w - 0*w - 36. Let s = 451 - 281. Let b = 227 - s. Calculate the remainder when b is divided by u.
27
Let j = -982 - -1349. What is the remainder when j is divided by 46?
45
Let w = 40003 + -38379. Calculate the remainder when w is divided by 177.
31
Suppose 0 = d + 4*i, 0 = -2*d - 2*d - 3*i + 39. Suppose f + f - 8 = 0. Calculate the remainder when 21 + 1/f*0 is divided by d.
9
Let j(o) = -1053*o - 1413. What is the remainder when 1405 is divided by j(-2)?
19
Let q = 1531 + 2300. What is the remainder when q is divided by 142?
139
Suppose -4*k = p + 29, -3*p - 3*k - 77 = p. Let n = p + 22. Let o = n + 0. What is the remainder when 9 is divided by o?
4
Calculate the remainder when 156 is divided by (6726/(-36))/(-19) + 3 + 1/6.
0
Suppose 21*w = -44*w + 9801 + 16654. Calculate the remainder when w is divided by 124.
35
Let v = 254 - 243. Let c(y) = 2*y**2 - 26*y + 46. What is the remainder when 5 is divided by c(v)?
1
Let d = -40 + 67. Suppose 0 = 6*u - 3 - d. Let b = -139 - -152. What is the remainder when b is divided by u?
3
Let l(v) = -v**3 + 5*v**2 + 2*v + 7. Let c = -333 + 467. Calculate the remainder when c is divided by l(5).
15
Let l = -59 + 54. Calculate the remainder when (-9)/(-6)*86/3 is divided by (-11 - -5 - l)*-11.
10
Let c be (-1 - -30*1)*-12. Let n = 388 + c. What is the remainder when 197 is divided by n?
37
Suppose -r + 3*t - 4*t = -50, -4*r + 176 = -2*t. Suppose r*d = 52*d - 24. What is the remainder when 80 is divided by d?
0
Let f(m) = m**2 - 13*m - 478. What is the remainder when 275 is divided by f(-19)?
15
Suppose 0 = 5*g + 5*p - 425, 5*p - 253 = -6*g + 3*g. Suppose 102*n - 152*n = -1200. What is the remainder when g is divided by n?
14
Suppose -10*t = -3180 + 2330. Calculate the remainder when 4500 is divided by t.
80
Calculate the remainder when 102 is divided by ((-10)/30*33 + 10)*(-1 - 63).
38
Suppose 0 = 48*x - 690 - 126. Let b = -1 - -3. Suppose 0 = -b*v - 4, -2*a - 2*v - 20 = -6*a. Calculate the remainder when x is divided by a.
1
Suppose -2046 = -1858*z + 1847*z. Calculate the remainder when z is divided by 109.
77
Calculate the remainder when 740/(-80)*-32 + 20 is divided by 84.
64
Suppose 0*y + 3*y = -5*t + 59, 0 = 4*t - 5*y - 25. Calculate the remainder when 1/(-5) - (-14 + 2855/(-25)) is divided by t.
8
Let m be 2 + 7 + 4 + -7. Suppose 0 = 5*a + 20, 5*o - 5*a - 221 = -m*a. Let w = -21 + 154. What is the remainder when w is divided by o?
43
Let f(k) = -k**3 + 6*k**2 - 3*k + 4. Let d be f(5). Let x(w) = w**2 + w - 3. Calculate the remainder when -2 - (-1 - -3)/(d/(-819)) is divided by x(6).
37
Suppose -r - 47 = 3*w, -4*r = 2*w + 237 - 9. Let f = -51 - r. Let g = 0 + f. What is the remainder when 54 is divided by g?
6
Let u = 40 - -5. Let h = -24 - -45. What is the remainder when u is divided by 1 + h + 3 + -1?
21
Let p be 3 + 9/(54/30). What is the remainder when 68 is divided by p/(96/75)*4?
18
Suppose 47*o - 236 - 2 = 40*o. Calculate the remainder when 2276 is divided by o.
32
Suppose -3*s - 3*t = -945, 3*s - 25*t - 921 = -26*t. Suppose 3*q - 35 = 16. Calculate the remainder when s is divided by q.
14
Let b(d) = d**3 + 2*d**2 - 10*d + 3. Let m be b(-5). Let u = m + 27. Suppose -113 = -u*p + 12. What is the remainder when 99 is divided by p?
24
Let z(b) = -5*b**2 + 23*b + 4. Let a be z(5). Let t(v) = v**3 + 6*v**2 - 8*v - 45. Calculate the remainder when 52 is divided by t(a).
1
Let z(n) = -n**3 + 29*n**2 + 96*n + 6. Suppose -2*s + 35 + 29 = 0. What is the remainder when z(s) is divided by (-47)/(-9) - 6/27?
1
Let w = 8 + 1. Suppose 107 = -w*n + 10*n. Let b = -270 - -297. What is the remainder when n is divided by b?
26
Suppose -3*y = -3*t + 6, 3*t - t - 3*y = 3. What is the remainder when (336 - (16/(-2))/(-4))*(-181)/(-362) is divided by (12/10)/(t/105)?
41
Let h(a) = 172 - 5*a + 15*a + 12*a - 28 + 5*a. Calculate the remainder when 130 is divided by h(-4).
22
Let q(y) = 32*y - 25. Let c(p) = -p**2 + 10*p - 13. Let o be c(2). What is the remainder when q(o) is divided by 38?
33
Suppose 0 = -4*h - 5*r + 3410, -518*r = -521*r - 18. Calculate the remainder when h is divided by 108.
104
Suppose -66*d + 63 = -59*d. Calculate the remainder when ((-6)/d)/(17/(-1428)) is divided by 10.
6
Calculate the remainder when 5071 is divided by (0 - 2/2)*58/8*-4.
25
Suppose 0 = 3*i + 12, i - 9 = -4*f + 99. Calculate the remainder when 274 is divided by f.
22
Let z be 18/(-45) + (-4)/(-10). Suppose -8*u + 753 - 113 = z. Let y(m) = 2*m**3 - 22*m**2 + 6*m - 49. What is the remainder when u is divided by y(11)?
12
Suppose 31 - 27 = -h. Let s(p) = p**3 + 6*p**2 + 9*p + 2. Let f be s(h). What is the remainder when (-186)/(-3) - (2 + f) is divided by 16?
14
Suppose 9549 = 38*v - 7969. Let z = -443 + v. Calculate the remainder when 68 is divided by z.
14
Let h(n) = 2*n**2 - 4*n. Let x be h(4). Suppose -3*z - 1235 = -x*z. What is the remainder when z is divided by 50?
45
Let p(u) = 10*u**2 + 59*u - 3. Let n be p(-8). Suppose 6*g - 8*g = 3*b - 99, 5*b = 4*g - n. What is the remainder when 177 is divided by g?
42
Suppose 3*n = -0*n - 5*o - 19, 0 = 4*o + 20. Suppose -10 = n*p - 50. What is the remainder when 91 is divided by p?
11
Let a(y) = 19*y**3 - 4*y**2 - 5*y + 4. Calculate the remainder when 271 is divided by a(1).
5
What is the remainder 